{"id":16229,"date":"2024-11-18T22:47:35","date_gmt":"2024-11-18T22:47:35","guid":{"rendered":"https:\/\/proteccionshoppingonline.com.br\/loja\/?post_type=product&#038;p=16229"},"modified":"2025-03-28T16:40:12","modified_gmt":"2025-03-28T19:40:12","slug":"kit-5-sprays-para-teste-de-detector-de-fumaca-400ml","status":"publish","type":"product","link":"https:\/\/proteccionshoppingonline.com.br\/loja\/loja\/spray-para-teste\/kit-5-sprays-para-teste-de-detector-de-fumaca-400ml\/","title":{"rendered":"Kit 5 Sprays Teste Detector de Fuma\u00e7a 400ml"},"content":{"rendered":"<h3 style=\"text-align: center;\">Spray teste detector fuma\u00e7a Ascael 400ml<\/h3>\n<p style=\"text-align: center;\">Spray Teste Detectores Fuma\u00e7a 400ml<\/p>\n<p>&nbsp;<\/p>\n<p>O\u00a0Spray teste detector fuma\u00e7a possui em sua composi\u00e7\u00e3o solventes tenso ativos ani\u00f4nicos e propelente butano\/propano. Produto de \u00f3tima qualidade, al\u00e9m disso o fabricante est\u00e1 no Mercado \u00e1 v\u00e1rios anos trazendo inova\u00e7\u00f5es com\u00a0 tecnologia e modernidade.<\/p>\n<p>MODO DE USAR<\/p>\n<p>Recomendamos o uso dos Epi&#8217;s cab\u00edveis para executar quaisquer fun\u00e7\u00f5es que venham acometer riscos, portanto informe-se sobre Epi para prote\u00e7\u00e3o de todos.<\/p>\n<p>Ao utilizar o Spray teste detector fuma\u00e7a, certifique\u2013se de agitar bem antes, porque evitar\u00e1 erros no processo, posicionar o spray na dire\u00e7\u00e3o do detector de fuma\u00e7a e n\u00e3o fique na dire\u00e7\u00e3o do spray ao\u00a0test\u00e1-lo.<\/p>\n<p>FORMA DE ATUA\u00c7\u00c3O<\/p>\n<p>O detector de fuma\u00e7a tem uma c\u00e2mara na qual h\u00e1 um emissor e receptor de infravermelho.<br \/>\nQuando n\u00e3o existe fuma\u00e7a na c\u00e2mara o feixe emitido n\u00e3o atinge o receptor, mas na presen\u00e7a de fuma\u00e7a o feixe \u00e9 refletido e o receptor recebe o feixe.<br \/>\nidentificando a fuma\u00e7a ao pulverizar o spray no detector, o jato ir\u00e1 funcionar similar a fuma\u00e7a.<\/p>\n<p>RECOMENDA\u00c7\u00d5ES<\/p>\n<p>N\u00e3o fique na dire\u00e7\u00e3o do spray ao test\u00e1-lo, al\u00e9m disso use epi&#8217;s para evitar acidentes, n\u00e3o pulverizar perto do fogo e n\u00e3o expor ao sol nem \u00e0 temperaturas superiores a 50\u00b0C.<br \/>\nN\u00e3o perfurar nem incinerar, portanto n\u00e3o coloque esta embalagem pr\u00f3xima ao fogo ou incinerador e guarde em local fresco e arejado.<\/p>\n<p>Conte\u00fado sob press\u00e3o e inflam\u00e1vel, portanto tome CUIDADO e mantenha fora do alcance de crian\u00e7as e animais dom\u00e9sticos.<\/p>\n<p>C\u00f3digo: AS9991<\/p>\n<p>Fabricante: Ascael<\/p>\n<p>Dimens\u00f5es: 19,8 x 6,5 x 6,5cm<br \/>\nPeso: 240grs \/ 400ml<\/p>\n<p>Consultar <a href=\"http:\/\/www.engenharia.proteccionshoppingonline.com.br\">Proteccion Engenharia<\/a><\/p>\n<p>Consultar <a href=\"https:\/\/proteccionshoppingonline.com.br\/loja\/catalogos-it-normas\/\">CA &#8211; Normas<\/a><\/p>\n<p>&nbsp;<\/p>\n","protected":false},"excerpt":{"rendered":"<p>Spray teste detector fuma\u00e7a Ascael, usado para teste em detectores de fuma\u00e7a de qualquer marca, simulando inc\u00eandio, melhor do mercado atual.<\/p>\n","protected":false},"featured_media":16217,"template":"","meta":{"_seopress_robots_primary_cat":"none","_seopress_titles_title":"Kit 5 Sprays para Teste de Detector de Fuma\u00e7a 400ml","_seopress_titles_desc":"Spray teste detector fuma\u00e7a Ascael, usado para teste em detectores de fuma\u00e7a de qualquer marca, simulando inc\u00eandio, melhor do mercado atual.","_seopress_robots_index":""},"product_brand":[],"product_cat":[226,136],"product_tag":[526],"class_list":{"0":"post-16229","1":"product","2":"type-product","3":"status-publish","4":"has-post-thumbnail","6":"product_cat-proteccion-shopping","7":"product_cat-spray-para-teste","8":"product_tag-spray-para-teste-de-detector","9":"product_shipping_class-correios","11":"first","12":"instock","13":"sale","14":"shipping-taxable","15":"purchasable","16":"product-type-simple"},"yoast_head":"<!-- This site is optimized with the Yoast SEO plugin v27.2 - https:\/\/yoast.com\/product\/yoast-seo-wordpress\/ -->\n<title>Kit 5 Sprays Teste Detector de Fuma\u00e7a 400ml - Protecci\u00f3n<\/title>\n<meta name=\"description\" content=\"Kit 5 Sprays para Teste de Detector de Fuma\u00e7a 400ml Ascael, usado para teste em detectores de fuma\u00e7a de qualquer marca, simulando inc\u00eandio.\" \/>\n<meta name=\"robots\" content=\"index, follow, max-snippet:-1, max-image-preview:large, max-video-preview:-1\" \/>\n<link rel=\"canonical\" href=\"https:\/\/proteccionshoppingonline.com.br\/loja\/loja\/spray-para-teste\/kit-5-sprays-para-teste-de-detector-de-fumaca-400ml\/\" \/>\n<meta property=\"og:locale\" content=\"pt_BR\" \/>\n<meta property=\"og:type\" content=\"article\" \/>\n<meta property=\"og:title\" content=\"Kit 5 Sprays Teste Detector de Fuma\u00e7a 400ml - Protecci\u00f3n\" \/>\n<meta property=\"og:description\" content=\"Kit 5 Sprays para Teste de Detector de Fuma\u00e7a 400ml Ascael, usado para teste em detectores de fuma\u00e7a de qualquer marca, simulando inc\u00eandio.\" \/>\n<meta property=\"og:url\" content=\"https:\/\/proteccionshoppingonline.com.br\/loja\/loja\/spray-para-teste\/kit-5-sprays-para-teste-de-detector-de-fumaca-400ml\/\" \/>\n<meta property=\"og:site_name\" content=\"Protecci\u00f3n\" \/>\n<meta property=\"article:modified_time\" content=\"2025-03-28T19:40:12+00:00\" \/>\n<meta property=\"og:image\" content=\"https:\/\/proteccionshoppingonline.com.br\/loja\/wp-content\/uploads\/2024\/11\/KIT-4-SPRAYS.png\" \/>\n\t<meta property=\"og:image:width\" content=\"500\" \/>\n\t<meta property=\"og:image:height\" content=\"500\" \/>\n\t<meta property=\"og:image:type\" content=\"image\/png\" \/>\n<meta name=\"twitter:card\" content=\"summary_large_image\" \/>\n<meta name=\"twitter:label1\" content=\"Est. tempo de leitura\" \/>\n\t<meta name=\"twitter:data1\" content=\"2 minutos\" \/>\n<script type=\"application\/ld+json\" class=\"yoast-schema-graph\">{\"@context\":\"https:\/\/schema.org\",\"@graph\":[{\"@type\":\"WebPage\",\"@id\":\"https:\/\/proteccionshoppingonline.com.br\/loja\/loja\/spray-para-teste\/kit-5-sprays-para-teste-de-detector-de-fumaca-400ml\/\",\"url\":\"https:\/\/proteccionshoppingonline.com.br\/loja\/loja\/spray-para-teste\/kit-5-sprays-para-teste-de-detector-de-fumaca-400ml\/\",\"name\":\"Kit 5 Sprays Teste Detector de Fuma\u00e7a 400ml - Protecci\u00f3n\",\"isPartOf\":{\"@id\":\"https:\/\/proteccionshoppingonline.com.br\/loja\/#website\"},\"primaryImageOfPage\":{\"@id\":\"https:\/\/proteccionshoppingonline.com.br\/loja\/loja\/spray-para-teste\/kit-5-sprays-para-teste-de-detector-de-fumaca-400ml\/#primaryimage\"},\"image\":{\"@id\":\"https:\/\/proteccionshoppingonline.com.br\/loja\/loja\/spray-para-teste\/kit-5-sprays-para-teste-de-detector-de-fumaca-400ml\/#primaryimage\"},\"thumbnailUrl\":\"https:\/\/proteccionshoppingonline.com.br\/loja\/wp-content\/uploads\/2024\/11\/KIT-4-SPRAYS.png\",\"datePublished\":\"2024-11-18T22:47:35+00:00\",\"dateModified\":\"2025-03-28T19:40:12+00:00\",\"description\":\"Kit 5 Sprays para Teste de Detector de Fuma\u00e7a 400ml Ascael, usado para teste em detectores de fuma\u00e7a de qualquer marca, simulando inc\u00eandio.\",\"breadcrumb\":{\"@id\":\"https:\/\/proteccionshoppingonline.com.br\/loja\/loja\/spray-para-teste\/kit-5-sprays-para-teste-de-detector-de-fumaca-400ml\/#breadcrumb\"},\"inLanguage\":\"pt-BR\",\"potentialAction\":[{\"@type\":\"ReadAction\",\"target\":[\"https:\/\/proteccionshoppingonline.com.br\/loja\/loja\/spray-para-teste\/kit-5-sprays-para-teste-de-detector-de-fumaca-400ml\/\"]}]},{\"@type\":\"ImageObject\",\"inLanguage\":\"pt-BR\",\"@id\":\"https:\/\/proteccionshoppingonline.com.br\/loja\/loja\/spray-para-teste\/kit-5-sprays-para-teste-de-detector-de-fumaca-400ml\/#primaryimage\",\"url\":\"https:\/\/proteccionshoppingonline.com.br\/loja\/wp-content\/uploads\/2024\/11\/KIT-4-SPRAYS.png\",\"contentUrl\":\"https:\/\/proteccionshoppingonline.com.br\/loja\/wp-content\/uploads\/2024\/11\/KIT-4-SPRAYS.png\",\"width\":500,\"height\":500},{\"@type\":\"BreadcrumbList\",\"@id\":\"https:\/\/proteccionshoppingonline.com.br\/loja\/loja\/spray-para-teste\/kit-5-sprays-para-teste-de-detector-de-fumaca-400ml\/#breadcrumb\",\"itemListElement\":[{\"@type\":\"ListItem\",\"position\":1,\"name\":\"Home\",\"item\":\"https:\/\/proteccionshoppingonline.com.br\/loja\/\"},{\"@type\":\"ListItem\",\"position\":2,\"name\":\"Produtos\",\"item\":\"https:\/\/proteccionshoppingonline.com.br\/loja\/cart-2\/\"},{\"@type\":\"ListItem\",\"position\":3,\"name\":\"Kit 5 Sprays Teste Detector de Fuma\u00e7a 400ml\"}]},{\"@type\":\"WebSite\",\"@id\":\"https:\/\/proteccionshoppingonline.com.br\/loja\/#website\",\"url\":\"https:\/\/proteccionshoppingonline.com.br\/loja\/\",\"name\":\"Protecci\u00f3n Shopping On Line | Seguran\u00e7a contra Inc\u00eandios\",\"description\":\"Seguran\u00e7a contra Inc\u00eandios\",\"publisher\":{\"@id\":\"https:\/\/proteccionshoppingonline.com.br\/loja\/#organization\"},\"potentialAction\":[{\"@type\":\"SearchAction\",\"target\":{\"@type\":\"EntryPoint\",\"urlTemplate\":\"https:\/\/proteccionshoppingonline.com.br\/loja\/?s={search_term_string}\"},\"query-input\":{\"@type\":\"PropertyValueSpecification\",\"valueRequired\":true,\"valueName\":\"search_term_string\"}}],\"inLanguage\":\"pt-BR\"},{\"@type\":\"Organization\",\"@id\":\"https:\/\/proteccionshoppingonline.com.br\/loja\/#organization\",\"name\":\"Protecci\u00f3n Shopping On Line\",\"url\":\"https:\/\/proteccionshoppingonline.com.br\/loja\/\",\"logo\":{\"@type\":\"ImageObject\",\"inLanguage\":\"pt-BR\",\"@id\":\"https:\/\/proteccionshoppingonline.com.br\/loja\/#\/schema\/logo\/image\/\",\"url\":\"https:\/\/proteccionshoppingonline.com.br\/loja\/wp-content\/uploads\/2024\/01\/Proteccion-Shopping-On-Line-Logo-Nova.png\",\"contentUrl\":\"https:\/\/proteccionshoppingonline.com.br\/loja\/wp-content\/uploads\/2024\/01\/Proteccion-Shopping-On-Line-Logo-Nova.png\",\"width\":2000,\"height\":600,\"caption\":\"Protecci\u00f3n Shopping On Line\"},\"image\":{\"@id\":\"https:\/\/proteccionshoppingonline.com.br\/loja\/#\/schema\/logo\/image\/\"}}]}<\/script>\n<!-- \/ Yoast SEO plugin. -->","yoast_head_json":{"title":"Kit 5 Sprays Teste Detector de Fuma\u00e7a 400ml - Protecci\u00f3n","description":"Kit 5 Sprays para Teste de Detector de Fuma\u00e7a 400ml Ascael, usado para teste em detectores de fuma\u00e7a de qualquer marca, simulando inc\u00eandio.","robots":{"index":"index","follow":"follow","max-snippet":"max-snippet:-1","max-image-preview":"max-image-preview:large","max-video-preview":"max-video-preview:-1"},"canonical":"https:\/\/proteccionshoppingonline.com.br\/loja\/loja\/spray-para-teste\/kit-5-sprays-para-teste-de-detector-de-fumaca-400ml\/","og_locale":"pt_BR","og_type":"article","og_title":"Kit 5 Sprays Teste Detector de Fuma\u00e7a 400ml - Protecci\u00f3n","og_description":"Kit 5 Sprays para Teste de Detector de Fuma\u00e7a 400ml Ascael, usado para teste em detectores de fuma\u00e7a de qualquer marca, simulando inc\u00eandio.","og_url":"https:\/\/proteccionshoppingonline.com.br\/loja\/loja\/spray-para-teste\/kit-5-sprays-para-teste-de-detector-de-fumaca-400ml\/","og_site_name":"Protecci\u00f3n","article_modified_time":"2025-03-28T19:40:12+00:00","og_image":[{"width":500,"height":500,"url":"https:\/\/proteccionshoppingonline.com.br\/loja\/wp-content\/uploads\/2024\/11\/KIT-4-SPRAYS.png","type":"image\/png"}],"twitter_card":"summary_large_image","twitter_misc":{"Est. tempo de leitura":"2 minutos"},"schema":{"@context":"https:\/\/schema.org","@graph":[{"@type":"WebPage","@id":"https:\/\/proteccionshoppingonline.com.br\/loja\/loja\/spray-para-teste\/kit-5-sprays-para-teste-de-detector-de-fumaca-400ml\/","url":"https:\/\/proteccionshoppingonline.com.br\/loja\/loja\/spray-para-teste\/kit-5-sprays-para-teste-de-detector-de-fumaca-400ml\/","name":"Kit 5 Sprays Teste Detector de Fuma\u00e7a 400ml - Protecci\u00f3n","isPartOf":{"@id":"https:\/\/proteccionshoppingonline.com.br\/loja\/#website"},"primaryImageOfPage":{"@id":"https:\/\/proteccionshoppingonline.com.br\/loja\/loja\/spray-para-teste\/kit-5-sprays-para-teste-de-detector-de-fumaca-400ml\/#primaryimage"},"image":{"@id":"https:\/\/proteccionshoppingonline.com.br\/loja\/loja\/spray-para-teste\/kit-5-sprays-para-teste-de-detector-de-fumaca-400ml\/#primaryimage"},"thumbnailUrl":"https:\/\/proteccionshoppingonline.com.br\/loja\/wp-content\/uploads\/2024\/11\/KIT-4-SPRAYS.png","datePublished":"2024-11-18T22:47:35+00:00","dateModified":"2025-03-28T19:40:12+00:00","description":"Kit 5 Sprays para Teste de Detector de Fuma\u00e7a 400ml Ascael, usado para teste em detectores de fuma\u00e7a de qualquer marca, simulando inc\u00eandio.","breadcrumb":{"@id":"https:\/\/proteccionshoppingonline.com.br\/loja\/loja\/spray-para-teste\/kit-5-sprays-para-teste-de-detector-de-fumaca-400ml\/#breadcrumb"},"inLanguage":"pt-BR","potentialAction":[{"@type":"ReadAction","target":["https:\/\/proteccionshoppingonline.com.br\/loja\/loja\/spray-para-teste\/kit-5-sprays-para-teste-de-detector-de-fumaca-400ml\/"]}]},{"@type":"ImageObject","inLanguage":"pt-BR","@id":"https:\/\/proteccionshoppingonline.com.br\/loja\/loja\/spray-para-teste\/kit-5-sprays-para-teste-de-detector-de-fumaca-400ml\/#primaryimage","url":"https:\/\/proteccionshoppingonline.com.br\/loja\/wp-content\/uploads\/2024\/11\/KIT-4-SPRAYS.png","contentUrl":"https:\/\/proteccionshoppingonline.com.br\/loja\/wp-content\/uploads\/2024\/11\/KIT-4-SPRAYS.png","width":500,"height":500},{"@type":"BreadcrumbList","@id":"https:\/\/proteccionshoppingonline.com.br\/loja\/loja\/spray-para-teste\/kit-5-sprays-para-teste-de-detector-de-fumaca-400ml\/#breadcrumb","itemListElement":[{"@type":"ListItem","position":1,"name":"Home","item":"https:\/\/proteccionshoppingonline.com.br\/loja\/"},{"@type":"ListItem","position":2,"name":"Produtos","item":"https:\/\/proteccionshoppingonline.com.br\/loja\/cart-2\/"},{"@type":"ListItem","position":3,"name":"Kit 5 Sprays Teste Detector de Fuma\u00e7a 400ml"}]},{"@type":"WebSite","@id":"https:\/\/proteccionshoppingonline.com.br\/loja\/#website","url":"https:\/\/proteccionshoppingonline.com.br\/loja\/","name":"Protecci\u00f3n Shopping On Line | Seguran\u00e7a contra Inc\u00eandios","description":"Seguran\u00e7a contra Inc\u00eandios","publisher":{"@id":"https:\/\/proteccionshoppingonline.com.br\/loja\/#organization"},"potentialAction":[{"@type":"SearchAction","target":{"@type":"EntryPoint","urlTemplate":"https:\/\/proteccionshoppingonline.com.br\/loja\/?s={search_term_string}"},"query-input":{"@type":"PropertyValueSpecification","valueRequired":true,"valueName":"search_term_string"}}],"inLanguage":"pt-BR"},{"@type":"Organization","@id":"https:\/\/proteccionshoppingonline.com.br\/loja\/#organization","name":"Protecci\u00f3n Shopping On Line","url":"https:\/\/proteccionshoppingonline.com.br\/loja\/","logo":{"@type":"ImageObject","inLanguage":"pt-BR","@id":"https:\/\/proteccionshoppingonline.com.br\/loja\/#\/schema\/logo\/image\/","url":"https:\/\/proteccionshoppingonline.com.br\/loja\/wp-content\/uploads\/2024\/01\/Proteccion-Shopping-On-Line-Logo-Nova.png","contentUrl":"https:\/\/proteccionshoppingonline.com.br\/loja\/wp-content\/uploads\/2024\/01\/Proteccion-Shopping-On-Line-Logo-Nova.png","width":2000,"height":600,"caption":"Protecci\u00f3n Shopping On Line"},"image":{"@id":"https:\/\/proteccionshoppingonline.com.br\/loja\/#\/schema\/logo\/image\/"}}]}},"_links":{"self":[{"href":"https:\/\/proteccionshoppingonline.com.br\/loja\/wp-json\/wp\/v2\/product\/16229","targetHints":{"allow":["GET"]}}],"collection":[{"href":"https:\/\/proteccionshoppingonline.com.br\/loja\/wp-json\/wp\/v2\/product"}],"about":[{"href":"https:\/\/proteccionshoppingonline.com.br\/loja\/wp-json\/wp\/v2\/types\/product"}],"version-history":[{"count":4,"href":"https:\/\/proteccionshoppingonline.com.br\/loja\/wp-json\/wp\/v2\/product\/16229\/revisions"}],"predecessor-version":[{"id":18159,"href":"https:\/\/proteccionshoppingonline.com.br\/loja\/wp-json\/wp\/v2\/product\/16229\/revisions\/18159"}],"wp:featuredmedia":[{"embeddable":true,"href":"https:\/\/proteccionshoppingonline.com.br\/loja\/wp-json\/wp\/v2\/media\/16217"}],"wp:attachment":[{"href":"https:\/\/proteccionshoppingonline.com.br\/loja\/wp-json\/wp\/v2\/media?parent=16229"}],"wp:term":[{"taxonomy":"product_brand","embeddable":true,"href":"https:\/\/proteccionshoppingonline.com.br\/loja\/wp-json\/wp\/v2\/product_brand?post=16229"},{"taxonomy":"product_cat","embeddable":true,"href":"https:\/\/proteccionshoppingonline.com.br\/loja\/wp-json\/wp\/v2\/product_cat?post=16229"},{"taxonomy":"product_tag","embeddable":true,"href":"https:\/\/proteccionshoppingonline.com.br\/loja\/wp-json\/wp\/v2\/product_tag?post=16229"}],"curies":[{"name":"wp","href":"https:\/\/api.w.org\/{rel}","templated":true}]}}