{"id":10810,"date":"2020-05-25T19:57:42","date_gmt":"2020-05-25T19:57:42","guid":{"rendered":"http:\/\/proteccionshoppingonline.com.br\/loja\/?post_type=product&#038;p=10810"},"modified":"2025-02-17T12:40:25","modified_gmt":"2025-02-17T15:40:25","slug":"valvula-esfera-monobloco-latao","status":"publish","type":"product","link":"https:\/\/proteccionshoppingonline.com.br\/loja\/loja\/valvula-esfera\/valvula-esfera-monobloco-latao\/","title":{"rendered":"V\u00e1lvula Esfera Monobloco Lat\u00e3o MGA"},"content":{"rendered":"<h3 style=\"text-align: center;\">V\u00e1lvula Esfera Monobloco Lat\u00e3o Forjado<\/h3>\n<p><strong>V\u00e1lvula Esfera Monobloco Lat\u00e3o &#8211;<\/strong> para bloqueio de fluxo. possui acionamento 1\/4&#8243; de volta com 90\u00ba, com o fim de diminuir o tempo de fechamento, uso em redes de \u00e1gua e ar com classe de press\u00e3o PN25 \/ PN30 temperatura ambiente.<\/p>\n<p>A v\u00e1lvula de esfera monobloco em lat\u00e3o \u00e9 um dispositivo que controla o fluxo de fluidos, como \u00e1gua, \u00f3leo, g\u00e1s e vapor, em tubula\u00e7\u00f5es.<\/p>\n<h3>Especifica\u00e7\u00f5es:<\/h3>\n<p>&nbsp;<\/p>\n<p><em>VEM<\/em> = V\u00e1lvula Esfera Monobloco com corpo em pe\u00e7a \u00fanica. Conforme norma Testes: API 598<\/p>\n<p>Haste \u00e0 prova de expuls\u00e3o e possui ainda encapsulamento com Teflon Puro 160\u00b0, sendo indicadas contudo para utiliza\u00e7\u00e3o em diversos l\u00edquidos, gases e vapores.<\/p>\n<p>Aplica\u00e7\u00e3o conforme especifica\u00e7\u00f5es, para equipamentos industriais, comerciais e residenciais.<\/p>\n<p>&nbsp;<\/p>\n<p><strong>Faixa<\/strong><\/p>\n<p>PN 25: &#8211; 20\u00baC a 90\u00baC<\/p>\n<p>PN 30: &#8211; 20\u00baC a 110\u00baC<\/p>\n<p>&nbsp;<\/p>\n<h3><em>Material:\u00a0<\/em><\/h3>\n<p>\u2013\u00a0<strong>Lat\u00e3o<\/strong>\u00a0Forjado com haste a prova de expuls\u00e3o.<\/p>\n<p>\u2013<b>\u00a0F<\/b><strong>erro e carbono<\/strong><\/p>\n<p>\u2013<strong>\u00a0TP HC<\/strong>\u00a0= Teflon puro \u2018160 graus\u201d com esfera inox \u2018304\u2019 e haste a\u00e7o \u20181020\u2019<\/p>\n<p><em><strong>&#8211; Rosca<\/strong> <\/em>&#8211; Bsp<\/p>\n<p>&nbsp;<\/p>\n<h3><strong>Outros Modelos eventualmente para or\u00e7amento<\/strong><\/h3>\n<p>&nbsp;<\/p>\n<p>&#8211; Conex\u00e3o f\u00eamea x macho<\/p>\n<p>&nbsp;<\/p>\n<p>*N\u00e3o usar em fim de linha e respeitar torque.<\/p>\n<p>&nbsp;<\/p>\n<p>Temos centenas de produtos dispon\u00edveis, a fim de atender suas necessidades!<\/p>\n<p>Consulte-nos para mais detalhes, com a finalidade de sanar suas d\u00favidas!<\/p>\n<p>Atendimento em suma de seg \u00e0 sexta das 08 &#8211; 12 e 13 &#8211; 17hs<\/p>\n<p>&nbsp;<\/p>\n<p>Fabricante: MGA &#8211; Metal\u00fargica Golden Arts.<\/p>\n<p>Consultar\u00a0<a href=\"https:\/\/proteccionshoppingonline.com.br\/loja\/catalogos-it-normas\/\">CA<\/a><br \/>\nConsultar\u00a0<a href=\"http:\/\/www.engeharia.proteciononline.com.br\/\">Proteccion Engenharia<\/a><\/p>\n<p>&nbsp;<\/p>\n","protected":false},"excerpt":{"rendered":"<p>A v\u00e1lvula de esfera monobloco em lat\u00e3o \u00e9 um dispositivo que controla o fluxo de fluidos, como \u00e1gua, \u00f3leo, g\u00e1s e vapor, em tubula\u00e7\u00f5es.<\/p>\n","protected":false},"featured_media":18124,"template":"","meta":{"_seopress_robots_primary_cat":"none","_seopress_titles_title":"V\u00e1lvula Esfera Monobloco Lat\u00e3o","_seopress_titles_desc":"A v\u00e1lvula de esfera monobloco em lat\u00e3o \u00e9 um dispositivo que controla o fluxo de fluidos, como \u00e1gua, \u00f3leo, g\u00e1s e vapor, em tubula\u00e7\u00f5es.","_seopress_robots_index":""},"product_brand":[],"product_cat":[171,151],"product_tag":[271,272,258],"class_list":{"0":"post-10810","1":"product","2":"type-product","3":"status-publish","4":"has-post-thumbnail","6":"product_cat-hidraulica","7":"product_cat-valvula-esfera","8":"product_tag-valvula-esfera-monobloco-1000wog","9":"product_tag-valvula-esfera-monobloco-latao","10":"product_tag-valvula-triparte-mga","12":"first","13":"onbackorder","14":"shipping-taxable","15":"purchasable","16":"product-type-variable"},"yoast_head":"<!-- This site is optimized with the Yoast SEO plugin v27.2 - https:\/\/yoast.com\/product\/yoast-seo-wordpress\/ -->\n<title>V\u00e1lvula Esfera Monobloco Lat\u00e3o MGA - Protecci\u00f3n<\/title>\n<meta name=\"description\" content=\"A v\u00e1lvula de esfera monobloco em lat\u00e3o \u00e9 um dispositivo que controla o fluxo de fluidos, como \u00e1gua, \u00f3leo, g\u00e1s e vapor, em tubula\u00e7\u00f5es.\" \/>\n<meta name=\"robots\" content=\"index, follow, max-snippet:-1, max-image-preview:large, max-video-preview:-1\" \/>\n<link rel=\"canonical\" href=\"https:\/\/proteccionshoppingonline.com.br\/loja\/loja\/valvula-esfera\/valvula-esfera-monobloco-latao\/\" \/>\n<meta property=\"og:locale\" content=\"pt_BR\" \/>\n<meta property=\"og:type\" content=\"article\" \/>\n<meta property=\"og:title\" content=\"V\u00e1lvula Esfera Monobloco Lat\u00e3o MGA - Protecci\u00f3n\" \/>\n<meta property=\"og:description\" content=\"A v\u00e1lvula de esfera monobloco em lat\u00e3o \u00e9 um dispositivo que controla o fluxo de fluidos, como \u00e1gua, \u00f3leo, g\u00e1s e vapor, em tubula\u00e7\u00f5es.\" \/>\n<meta property=\"og:url\" content=\"https:\/\/proteccionshoppingonline.com.br\/loja\/loja\/valvula-esfera\/valvula-esfera-monobloco-latao\/\" \/>\n<meta property=\"og:site_name\" content=\"Protecci\u00f3n\" \/>\n<meta property=\"article:modified_time\" content=\"2025-02-17T15:40:25+00:00\" \/>\n<meta property=\"og:image\" content=\"https:\/\/proteccionshoppingonline.com.br\/loja\/wp-content\/uploads\/2020\/05\/Design-sem-nome-50.png\" \/>\n\t<meta property=\"og:image:width\" content=\"500\" \/>\n\t<meta property=\"og:image:height\" content=\"500\" \/>\n\t<meta property=\"og:image:type\" content=\"image\/png\" \/>\n<meta name=\"twitter:card\" content=\"summary_large_image\" \/>\n<meta name=\"twitter:label1\" content=\"Est. tempo de leitura\" \/>\n\t<meta name=\"twitter:data1\" content=\"2 minutos\" \/>\n<script type=\"application\/ld+json\" class=\"yoast-schema-graph\">{\"@context\":\"https:\/\/schema.org\",\"@graph\":[{\"@type\":\"WebPage\",\"@id\":\"https:\/\/proteccionshoppingonline.com.br\/loja\/loja\/valvula-esfera\/valvula-esfera-monobloco-latao\/\",\"url\":\"https:\/\/proteccionshoppingonline.com.br\/loja\/loja\/valvula-esfera\/valvula-esfera-monobloco-latao\/\",\"name\":\"V\u00e1lvula Esfera Monobloco Lat\u00e3o MGA - Protecci\u00f3n\",\"isPartOf\":{\"@id\":\"https:\/\/proteccionshoppingonline.com.br\/loja\/#website\"},\"primaryImageOfPage\":{\"@id\":\"https:\/\/proteccionshoppingonline.com.br\/loja\/loja\/valvula-esfera\/valvula-esfera-monobloco-latao\/#primaryimage\"},\"image\":{\"@id\":\"https:\/\/proteccionshoppingonline.com.br\/loja\/loja\/valvula-esfera\/valvula-esfera-monobloco-latao\/#primaryimage\"},\"thumbnailUrl\":\"https:\/\/proteccionshoppingonline.com.br\/loja\/wp-content\/uploads\/2020\/05\/Design-sem-nome-50.png\",\"datePublished\":\"2020-05-25T19:57:42+00:00\",\"dateModified\":\"2025-02-17T15:40:25+00:00\",\"description\":\"A v\u00e1lvula de esfera monobloco em lat\u00e3o \u00e9 um dispositivo que controla o fluxo de fluidos, como \u00e1gua, \u00f3leo, g\u00e1s e vapor, em tubula\u00e7\u00f5es.\",\"breadcrumb\":{\"@id\":\"https:\/\/proteccionshoppingonline.com.br\/loja\/loja\/valvula-esfera\/valvula-esfera-monobloco-latao\/#breadcrumb\"},\"inLanguage\":\"pt-BR\",\"potentialAction\":[{\"@type\":\"ReadAction\",\"target\":[\"https:\/\/proteccionshoppingonline.com.br\/loja\/loja\/valvula-esfera\/valvula-esfera-monobloco-latao\/\"]}]},{\"@type\":\"ImageObject\",\"inLanguage\":\"pt-BR\",\"@id\":\"https:\/\/proteccionshoppingonline.com.br\/loja\/loja\/valvula-esfera\/valvula-esfera-monobloco-latao\/#primaryimage\",\"url\":\"https:\/\/proteccionshoppingonline.com.br\/loja\/wp-content\/uploads\/2020\/05\/Design-sem-nome-50.png\",\"contentUrl\":\"https:\/\/proteccionshoppingonline.com.br\/loja\/wp-content\/uploads\/2020\/05\/Design-sem-nome-50.png\",\"width\":500,\"height\":500,\"caption\":\"v\u00e1lvula esfera monobloco lat\u00e3o\"},{\"@type\":\"BreadcrumbList\",\"@id\":\"https:\/\/proteccionshoppingonline.com.br\/loja\/loja\/valvula-esfera\/valvula-esfera-monobloco-latao\/#breadcrumb\",\"itemListElement\":[{\"@type\":\"ListItem\",\"position\":1,\"name\":\"Home\",\"item\":\"https:\/\/proteccionshoppingonline.com.br\/loja\/\"},{\"@type\":\"ListItem\",\"position\":2,\"name\":\"Produtos\",\"item\":\"https:\/\/proteccionshoppingonline.com.br\/loja\/cart-2\/\"},{\"@type\":\"ListItem\",\"position\":3,\"name\":\"V\u00e1lvula Esfera Monobloco Lat\u00e3o MGA\"}]},{\"@type\":\"WebSite\",\"@id\":\"https:\/\/proteccionshoppingonline.com.br\/loja\/#website\",\"url\":\"https:\/\/proteccionshoppingonline.com.br\/loja\/\",\"name\":\"Protecci\u00f3n Shopping On Line | Seguran\u00e7a contra Inc\u00eandios\",\"description\":\"Seguran\u00e7a contra Inc\u00eandios\",\"publisher\":{\"@id\":\"https:\/\/proteccionshoppingonline.com.br\/loja\/#organization\"},\"potentialAction\":[{\"@type\":\"SearchAction\",\"target\":{\"@type\":\"EntryPoint\",\"urlTemplate\":\"https:\/\/proteccionshoppingonline.com.br\/loja\/?s={search_term_string}\"},\"query-input\":{\"@type\":\"PropertyValueSpecification\",\"valueRequired\":true,\"valueName\":\"search_term_string\"}}],\"inLanguage\":\"pt-BR\"},{\"@type\":\"Organization\",\"@id\":\"https:\/\/proteccionshoppingonline.com.br\/loja\/#organization\",\"name\":\"Protecci\u00f3n Shopping On Line\",\"url\":\"https:\/\/proteccionshoppingonline.com.br\/loja\/\",\"logo\":{\"@type\":\"ImageObject\",\"inLanguage\":\"pt-BR\",\"@id\":\"https:\/\/proteccionshoppingonline.com.br\/loja\/#\/schema\/logo\/image\/\",\"url\":\"https:\/\/proteccionshoppingonline.com.br\/loja\/wp-content\/uploads\/2024\/01\/Proteccion-Shopping-On-Line-Logo-Nova.png\",\"contentUrl\":\"https:\/\/proteccionshoppingonline.com.br\/loja\/wp-content\/uploads\/2024\/01\/Proteccion-Shopping-On-Line-Logo-Nova.png\",\"width\":2000,\"height\":600,\"caption\":\"Protecci\u00f3n Shopping On Line\"},\"image\":{\"@id\":\"https:\/\/proteccionshoppingonline.com.br\/loja\/#\/schema\/logo\/image\/\"}}]}<\/script>\n<!-- \/ Yoast SEO plugin. -->","yoast_head_json":{"title":"V\u00e1lvula Esfera Monobloco Lat\u00e3o MGA - Protecci\u00f3n","description":"A v\u00e1lvula de esfera monobloco em lat\u00e3o \u00e9 um dispositivo que controla o fluxo de fluidos, como \u00e1gua, \u00f3leo, g\u00e1s e vapor, em tubula\u00e7\u00f5es.","robots":{"index":"index","follow":"follow","max-snippet":"max-snippet:-1","max-image-preview":"max-image-preview:large","max-video-preview":"max-video-preview:-1"},"canonical":"https:\/\/proteccionshoppingonline.com.br\/loja\/loja\/valvula-esfera\/valvula-esfera-monobloco-latao\/","og_locale":"pt_BR","og_type":"article","og_title":"V\u00e1lvula Esfera Monobloco Lat\u00e3o MGA - Protecci\u00f3n","og_description":"A v\u00e1lvula de esfera monobloco em lat\u00e3o \u00e9 um dispositivo que controla o fluxo de fluidos, como \u00e1gua, \u00f3leo, g\u00e1s e vapor, em tubula\u00e7\u00f5es.","og_url":"https:\/\/proteccionshoppingonline.com.br\/loja\/loja\/valvula-esfera\/valvula-esfera-monobloco-latao\/","og_site_name":"Protecci\u00f3n","article_modified_time":"2025-02-17T15:40:25+00:00","og_image":[{"width":500,"height":500,"url":"https:\/\/proteccionshoppingonline.com.br\/loja\/wp-content\/uploads\/2020\/05\/Design-sem-nome-50.png","type":"image\/png"}],"twitter_card":"summary_large_image","twitter_misc":{"Est. tempo de leitura":"2 minutos"},"schema":{"@context":"https:\/\/schema.org","@graph":[{"@type":"WebPage","@id":"https:\/\/proteccionshoppingonline.com.br\/loja\/loja\/valvula-esfera\/valvula-esfera-monobloco-latao\/","url":"https:\/\/proteccionshoppingonline.com.br\/loja\/loja\/valvula-esfera\/valvula-esfera-monobloco-latao\/","name":"V\u00e1lvula Esfera Monobloco Lat\u00e3o MGA - Protecci\u00f3n","isPartOf":{"@id":"https:\/\/proteccionshoppingonline.com.br\/loja\/#website"},"primaryImageOfPage":{"@id":"https:\/\/proteccionshoppingonline.com.br\/loja\/loja\/valvula-esfera\/valvula-esfera-monobloco-latao\/#primaryimage"},"image":{"@id":"https:\/\/proteccionshoppingonline.com.br\/loja\/loja\/valvula-esfera\/valvula-esfera-monobloco-latao\/#primaryimage"},"thumbnailUrl":"https:\/\/proteccionshoppingonline.com.br\/loja\/wp-content\/uploads\/2020\/05\/Design-sem-nome-50.png","datePublished":"2020-05-25T19:57:42+00:00","dateModified":"2025-02-17T15:40:25+00:00","description":"A v\u00e1lvula de esfera monobloco em lat\u00e3o \u00e9 um dispositivo que controla o fluxo de fluidos, como \u00e1gua, \u00f3leo, g\u00e1s e vapor, em tubula\u00e7\u00f5es.","breadcrumb":{"@id":"https:\/\/proteccionshoppingonline.com.br\/loja\/loja\/valvula-esfera\/valvula-esfera-monobloco-latao\/#breadcrumb"},"inLanguage":"pt-BR","potentialAction":[{"@type":"ReadAction","target":["https:\/\/proteccionshoppingonline.com.br\/loja\/loja\/valvula-esfera\/valvula-esfera-monobloco-latao\/"]}]},{"@type":"ImageObject","inLanguage":"pt-BR","@id":"https:\/\/proteccionshoppingonline.com.br\/loja\/loja\/valvula-esfera\/valvula-esfera-monobloco-latao\/#primaryimage","url":"https:\/\/proteccionshoppingonline.com.br\/loja\/wp-content\/uploads\/2020\/05\/Design-sem-nome-50.png","contentUrl":"https:\/\/proteccionshoppingonline.com.br\/loja\/wp-content\/uploads\/2020\/05\/Design-sem-nome-50.png","width":500,"height":500,"caption":"v\u00e1lvula esfera monobloco lat\u00e3o"},{"@type":"BreadcrumbList","@id":"https:\/\/proteccionshoppingonline.com.br\/loja\/loja\/valvula-esfera\/valvula-esfera-monobloco-latao\/#breadcrumb","itemListElement":[{"@type":"ListItem","position":1,"name":"Home","item":"https:\/\/proteccionshoppingonline.com.br\/loja\/"},{"@type":"ListItem","position":2,"name":"Produtos","item":"https:\/\/proteccionshoppingonline.com.br\/loja\/cart-2\/"},{"@type":"ListItem","position":3,"name":"V\u00e1lvula Esfera Monobloco Lat\u00e3o MGA"}]},{"@type":"WebSite","@id":"https:\/\/proteccionshoppingonline.com.br\/loja\/#website","url":"https:\/\/proteccionshoppingonline.com.br\/loja\/","name":"Protecci\u00f3n Shopping On Line | Seguran\u00e7a contra Inc\u00eandios","description":"Seguran\u00e7a contra Inc\u00eandios","publisher":{"@id":"https:\/\/proteccionshoppingonline.com.br\/loja\/#organization"},"potentialAction":[{"@type":"SearchAction","target":{"@type":"EntryPoint","urlTemplate":"https:\/\/proteccionshoppingonline.com.br\/loja\/?s={search_term_string}"},"query-input":{"@type":"PropertyValueSpecification","valueRequired":true,"valueName":"search_term_string"}}],"inLanguage":"pt-BR"},{"@type":"Organization","@id":"https:\/\/proteccionshoppingonline.com.br\/loja\/#organization","name":"Protecci\u00f3n Shopping On Line","url":"https:\/\/proteccionshoppingonline.com.br\/loja\/","logo":{"@type":"ImageObject","inLanguage":"pt-BR","@id":"https:\/\/proteccionshoppingonline.com.br\/loja\/#\/schema\/logo\/image\/","url":"https:\/\/proteccionshoppingonline.com.br\/loja\/wp-content\/uploads\/2024\/01\/Proteccion-Shopping-On-Line-Logo-Nova.png","contentUrl":"https:\/\/proteccionshoppingonline.com.br\/loja\/wp-content\/uploads\/2024\/01\/Proteccion-Shopping-On-Line-Logo-Nova.png","width":2000,"height":600,"caption":"Protecci\u00f3n Shopping On Line"},"image":{"@id":"https:\/\/proteccionshoppingonline.com.br\/loja\/#\/schema\/logo\/image\/"}}]}},"_links":{"self":[{"href":"https:\/\/proteccionshoppingonline.com.br\/loja\/wp-json\/wp\/v2\/product\/10810","targetHints":{"allow":["GET"]}}],"collection":[{"href":"https:\/\/proteccionshoppingonline.com.br\/loja\/wp-json\/wp\/v2\/product"}],"about":[{"href":"https:\/\/proteccionshoppingonline.com.br\/loja\/wp-json\/wp\/v2\/types\/product"}],"version-history":[{"count":3,"href":"https:\/\/proteccionshoppingonline.com.br\/loja\/wp-json\/wp\/v2\/product\/10810\/revisions"}],"predecessor-version":[{"id":18126,"href":"https:\/\/proteccionshoppingonline.com.br\/loja\/wp-json\/wp\/v2\/product\/10810\/revisions\/18126"}],"wp:featuredmedia":[{"embeddable":true,"href":"https:\/\/proteccionshoppingonline.com.br\/loja\/wp-json\/wp\/v2\/media\/18124"}],"wp:attachment":[{"href":"https:\/\/proteccionshoppingonline.com.br\/loja\/wp-json\/wp\/v2\/media?parent=10810"}],"wp:term":[{"taxonomy":"product_brand","embeddable":true,"href":"https:\/\/proteccionshoppingonline.com.br\/loja\/wp-json\/wp\/v2\/product_brand?post=10810"},{"taxonomy":"product_cat","embeddable":true,"href":"https:\/\/proteccionshoppingonline.com.br\/loja\/wp-json\/wp\/v2\/product_cat?post=10810"},{"taxonomy":"product_tag","embeddable":true,"href":"https:\/\/proteccionshoppingonline.com.br\/loja\/wp-json\/wp\/v2\/product_tag?post=10810"}],"curies":[{"name":"wp","href":"https:\/\/api.w.org\/{rel}","templated":true}]}}