{"id":10000,"date":"2020-05-12T10:25:45","date_gmt":"2020-05-12T10:25:45","guid":{"rendered":"http:\/\/proteccionshoppingonline.com.br\/loja\/?post_type=product&#038;p=10000"},"modified":"2021-04-30T11:33:08","modified_gmt":"2021-04-30T11:33:08","slug":"valvula-esfera-tripartida-flangeada-cl150","status":"publish","type":"product","link":"https:\/\/proteccionshoppingonline.com.br\/loja\/loja\/valvula-tripartida\/valvula-esfera-tripartida-flangeada-cl150\/","title":{"rendered":"V\u00e1lvula Esfera Tripartida Flangeada CL150"},"content":{"rendered":"<h3 style=\"text-align: center;\">V\u00e1lvula Esfera Tripartida Flangeada Passagem Reduzida<\/h3>\n<p><strong>V\u00e1lvula Esfera Tripartida Flangeada CL150 &#8211;<\/strong> para bloqueio de fluxo, possui acionamento 1\/4&#8243; de volta (90\u00ba) e flange. facilitando a manuten\u00e7\u00e3o<br \/>\nsem a necessidade de desconectar as extremidades da linha.<\/p>\n<p>Indicada para utiliza\u00e7\u00e3o em l\u00edquidos, gases, vapores e sobretudo com alta faixa de temperatura e press\u00e3o conforme norma ASME B16.34.<\/p>\n<p>&nbsp;<\/p>\n<h3>Especifica\u00e7\u00f5es:<\/h3>\n<p>&nbsp;<\/p>\n<p>&#8211; Com flange classe 150 conforme ASME B16.5.<br \/>\n&#8211; Acionamento por alavanca.<br \/>\n&#8211; Indicada para fluidos com altas vaz\u00f5es a press\u00f5es moderadas.<br \/>\n&#8211; Aplica\u00e7\u00f5es a fim de atender diversas necessidades para qu\u00edmicas, petroqu\u00edmicas, petrol\u00edferas e industrias.<br \/>\n&#8211; Aplica\u00e7\u00e3o sobretudo em equipamentos industriais, comerciais e residenciais.<\/p>\n<p><em>Material:\u00a0<\/em><\/p>\n<p>&#8211;<strong>WcB<\/strong> (ferro e carbono)<\/p>\n<p>&#8211;<strong>TP HC<\/strong> = Teflon puro &#8216;160 graus&#8221; com esfera inox &#8216;304&#8217; e haste a\u00e7o &#8216;1020&#8217;<\/p>\n<p>&nbsp;<\/p>\n<p><em>CLasse 150: <\/em><\/p>\n<p>-Passagem Reduzida<\/p>\n<p>-Plena.<\/p>\n<p>&nbsp;<\/p>\n<p><em>Rosca:<\/em>\u00a0 \u00a0 -Bsp<\/p>\n<p>&nbsp;<\/p>\n<h3><strong>Outros Modelos eventualmente para or\u00e7amento<\/strong><\/h3>\n<p>&nbsp;<\/p>\n<h3>WCB (ferro e carbono)<\/h3>\n<ol>\n<li><strong>\u00a0TP HC<\/strong> = Teflon puro &#8216;160 graus&#8221; com esfera inox &#8216;304&#8217; e haste a\u00e7o &#8216;1020&#8217;.<\/li>\n<li><strong>TR HC<\/strong> = Teflon refor\u00e7ado &#8216;240 graus&#8217; com esfera inox &#8216;304&#8217; e haste a\u00e7o &#8216;1020&#8217;<\/li>\n<li><strong>TP HI<\/strong> = Teflon puro com esfera e haste em inox &#8216;304&#8217;<\/li>\n<li><strong>TR HI<\/strong> = Teflon refor\u00e7ado com esfera e haste em inox &#8216;304&#8217;<\/li>\n<\/ol>\n<p>&nbsp;<\/p>\n<ol>\n<li style=\"list-style-type: none;\"><\/li>\n<\/ol>\n<h4>CF8 (A\u00e7o Inox)<\/h4>\n<ol>\n<li><strong>SI TP<\/strong> = Semi Inox (partes em carbono) e teflon puro<\/li>\n<li><strong> SI TR<\/strong> = Semi Inox (partes em carbono) e teflon refor\u00e7ado<\/li>\n<li><strong> TI TP<\/strong> = Totalmente em a\u00e7o inox &#8216;304&#8217; e teflon puro<\/li>\n<li><strong> TI TR<\/strong> = Totalmente em a\u00e7o inox &#8216;304&#8217; e teflon refor\u00e7ado<\/li>\n<\/ol>\n<p>&nbsp;<\/p>\n<h4>CF8M (A\u00e7o Inoxid\u00e1vel Austen\u00edtico)<\/h4>\n<ol>\n<li><strong>SI TP<\/strong> = Semi Inox (partes em carbono) e teflon puro<\/li>\n<li><strong> SI TR<\/strong> = Semi Inox (partes em carbono) e teflon refor\u00e7ado<\/li>\n<li><strong> TI TP<\/strong> = Totalmente em a\u00e7o inox &#8216;304&#8217; e teflon puro<\/li>\n<li><strong> TI TR<\/strong> = Totalmente em a\u00e7o inox &#8216;304&#8217; e teflon refor\u00e7ado<\/li>\n<\/ol>\n<h4>Roscas dispon\u00edveis:\u00a0 BSP \/ NPT \/ SW \/ BW<\/h4>\n<p>Temos centenas de produtos dispon\u00edveis, a fim de atender suas necessidades!<\/p>\n<p>Consulte-nos para mais detalhes, com a finalidade de sanar suas d\u00favidas!<\/p>\n<p>Atendimento em suma de seg \u00e0 sexta das 08 &#8211; 12 e 13 &#8211; 17hs<\/p>\n<p>&nbsp;<\/p>\n<p>Fabricante:\u00a0 MGA.<\/p>\n<p>Consultar\u00a0<a href=\"https:\/\/proteccionshoppingonline.com.br\/loja\/catalogos-it-normas\/\">CA<\/a><br \/>\nConsultar\u00a0<a href=\"http:\/\/www.engeharia.proteciononline.com.br\/\">Proteccion Engenharia<\/a><\/p>\n<p>&nbsp;<\/p>\n","protected":false},"excerpt":{"rendered":"<p>V\u00e1lvula Esfera Tripartida Flangeada CL150<\/p>\n","protected":false},"featured_media":0,"template":"","meta":{"_seopress_robots_primary_cat":"none","_seopress_titles_title":"V\u00e1lvula Esfera Tripartida Flangeada CL150","_seopress_titles_desc":"V\u00e1lvula Esfera Tripartida Flangeada CL150, para bloqueio de fluxo. Para aplica\u00e7\u00f5es qu\u00edmicas, petroqu\u00edmicas, petrol\u00edferas e industriais","_seopress_robots_index":""},"product_brand":[],"product_cat":[150],"product_tag":[259,260,257],"class_list":{"0":"post-10000","1":"product","2":"type-product","3":"status-publish","5":"product_cat-valvula-tripartida","6":"product_tag-valvula-borboleta-wafer-vedacao-epdm","7":"product_tag-valvula-esfera-tripartida-flangeada-cl150","8":"product_tag-valvula-triparte-1-mcza","10":"first","11":"onbackorder","12":"shipping-taxable","13":"purchasable","14":"product-type-variable"},"yoast_head":"<!-- This site is optimized with the Yoast SEO plugin v27.2 - https:\/\/yoast.com\/product\/yoast-seo-wordpress\/ -->\n<title>V\u00e1lvula Esfera Tripartida Flangeada CL150 - Protecci\u00f3n<\/title>\n<meta name=\"description\" content=\"V\u00e1lvula Esfera Tripartida Flangeada CL150, para bloqueio de fluxo. Para aplica\u00e7\u00f5es qu\u00edmicas, petroqu\u00edmicas, petrol\u00edferas e industriais\" \/>\n<meta name=\"robots\" content=\"index, follow, max-snippet:-1, max-image-preview:large, max-video-preview:-1\" \/>\n<link rel=\"canonical\" href=\"https:\/\/proteccionshoppingonline.com.br\/loja\/loja\/valvula-tripartida\/valvula-esfera-tripartida-flangeada-cl150\/\" \/>\n<meta property=\"og:locale\" content=\"pt_BR\" \/>\n<meta property=\"og:type\" content=\"article\" \/>\n<meta property=\"og:title\" content=\"V\u00e1lvula Esfera Tripartida Flangeada CL150 - Protecci\u00f3n\" \/>\n<meta property=\"og:description\" content=\"V\u00e1lvula Esfera Tripartida Flangeada CL150, para bloqueio de fluxo. Para aplica\u00e7\u00f5es qu\u00edmicas, petroqu\u00edmicas, petrol\u00edferas e industriais\" \/>\n<meta property=\"og:url\" content=\"https:\/\/proteccionshoppingonline.com.br\/loja\/loja\/valvula-tripartida\/valvula-esfera-tripartida-flangeada-cl150\/\" \/>\n<meta property=\"og:site_name\" content=\"Protecci\u00f3n\" \/>\n<meta property=\"article:modified_time\" content=\"2021-04-30T11:33:08+00:00\" \/>\n<meta name=\"twitter:card\" content=\"summary_large_image\" \/>\n<meta name=\"twitter:label1\" content=\"Est. tempo de leitura\" \/>\n\t<meta name=\"twitter:data1\" content=\"2 minutos\" \/>\n<script type=\"application\/ld+json\" class=\"yoast-schema-graph\">{\"@context\":\"https:\/\/schema.org\",\"@graph\":[{\"@type\":\"WebPage\",\"@id\":\"https:\/\/proteccionshoppingonline.com.br\/loja\/loja\/valvula-tripartida\/valvula-esfera-tripartida-flangeada-cl150\/\",\"url\":\"https:\/\/proteccionshoppingonline.com.br\/loja\/loja\/valvula-tripartida\/valvula-esfera-tripartida-flangeada-cl150\/\",\"name\":\"V\u00e1lvula Esfera Tripartida Flangeada CL150 - Protecci\u00f3n\",\"isPartOf\":{\"@id\":\"https:\/\/proteccionshoppingonline.com.br\/loja\/#website\"},\"datePublished\":\"2020-05-12T10:25:45+00:00\",\"dateModified\":\"2021-04-30T11:33:08+00:00\",\"description\":\"V\u00e1lvula Esfera Tripartida Flangeada CL150, para bloqueio de fluxo. Para aplica\u00e7\u00f5es qu\u00edmicas, petroqu\u00edmicas, petrol\u00edferas e industriais\",\"breadcrumb\":{\"@id\":\"https:\/\/proteccionshoppingonline.com.br\/loja\/loja\/valvula-tripartida\/valvula-esfera-tripartida-flangeada-cl150\/#breadcrumb\"},\"inLanguage\":\"pt-BR\",\"potentialAction\":[{\"@type\":\"ReadAction\",\"target\":[\"https:\/\/proteccionshoppingonline.com.br\/loja\/loja\/valvula-tripartida\/valvula-esfera-tripartida-flangeada-cl150\/\"]}]},{\"@type\":\"BreadcrumbList\",\"@id\":\"https:\/\/proteccionshoppingonline.com.br\/loja\/loja\/valvula-tripartida\/valvula-esfera-tripartida-flangeada-cl150\/#breadcrumb\",\"itemListElement\":[{\"@type\":\"ListItem\",\"position\":1,\"name\":\"Home\",\"item\":\"https:\/\/proteccionshoppingonline.com.br\/loja\/\"},{\"@type\":\"ListItem\",\"position\":2,\"name\":\"Produtos\",\"item\":\"https:\/\/proteccionshoppingonline.com.br\/loja\/cart-2\/\"},{\"@type\":\"ListItem\",\"position\":3,\"name\":\"V\u00e1lvula Esfera Tripartida Flangeada CL150\"}]},{\"@type\":\"WebSite\",\"@id\":\"https:\/\/proteccionshoppingonline.com.br\/loja\/#website\",\"url\":\"https:\/\/proteccionshoppingonline.com.br\/loja\/\",\"name\":\"Protecci\u00f3n Shopping On Line | Seguran\u00e7a contra Inc\u00eandios\",\"description\":\"Seguran\u00e7a contra Inc\u00eandios\",\"publisher\":{\"@id\":\"https:\/\/proteccionshoppingonline.com.br\/loja\/#organization\"},\"potentialAction\":[{\"@type\":\"SearchAction\",\"target\":{\"@type\":\"EntryPoint\",\"urlTemplate\":\"https:\/\/proteccionshoppingonline.com.br\/loja\/?s={search_term_string}\"},\"query-input\":{\"@type\":\"PropertyValueSpecification\",\"valueRequired\":true,\"valueName\":\"search_term_string\"}}],\"inLanguage\":\"pt-BR\"},{\"@type\":\"Organization\",\"@id\":\"https:\/\/proteccionshoppingonline.com.br\/loja\/#organization\",\"name\":\"Protecci\u00f3n Shopping On Line\",\"url\":\"https:\/\/proteccionshoppingonline.com.br\/loja\/\",\"logo\":{\"@type\":\"ImageObject\",\"inLanguage\":\"pt-BR\",\"@id\":\"https:\/\/proteccionshoppingonline.com.br\/loja\/#\/schema\/logo\/image\/\",\"url\":\"https:\/\/proteccionshoppingonline.com.br\/loja\/wp-content\/uploads\/2024\/01\/Proteccion-Shopping-On-Line-Logo-Nova.png\",\"contentUrl\":\"https:\/\/proteccionshoppingonline.com.br\/loja\/wp-content\/uploads\/2024\/01\/Proteccion-Shopping-On-Line-Logo-Nova.png\",\"width\":2000,\"height\":600,\"caption\":\"Protecci\u00f3n Shopping On Line\"},\"image\":{\"@id\":\"https:\/\/proteccionshoppingonline.com.br\/loja\/#\/schema\/logo\/image\/\"}}]}<\/script>\n<!-- \/ Yoast SEO plugin. -->","yoast_head_json":{"title":"V\u00e1lvula Esfera Tripartida Flangeada CL150 - Protecci\u00f3n","description":"V\u00e1lvula Esfera Tripartida Flangeada CL150, para bloqueio de fluxo. Para aplica\u00e7\u00f5es qu\u00edmicas, petroqu\u00edmicas, petrol\u00edferas e industriais","robots":{"index":"index","follow":"follow","max-snippet":"max-snippet:-1","max-image-preview":"max-image-preview:large","max-video-preview":"max-video-preview:-1"},"canonical":"https:\/\/proteccionshoppingonline.com.br\/loja\/loja\/valvula-tripartida\/valvula-esfera-tripartida-flangeada-cl150\/","og_locale":"pt_BR","og_type":"article","og_title":"V\u00e1lvula Esfera Tripartida Flangeada CL150 - Protecci\u00f3n","og_description":"V\u00e1lvula Esfera Tripartida Flangeada CL150, para bloqueio de fluxo. Para aplica\u00e7\u00f5es qu\u00edmicas, petroqu\u00edmicas, petrol\u00edferas e industriais","og_url":"https:\/\/proteccionshoppingonline.com.br\/loja\/loja\/valvula-tripartida\/valvula-esfera-tripartida-flangeada-cl150\/","og_site_name":"Protecci\u00f3n","article_modified_time":"2021-04-30T11:33:08+00:00","twitter_card":"summary_large_image","twitter_misc":{"Est. tempo de leitura":"2 minutos"},"schema":{"@context":"https:\/\/schema.org","@graph":[{"@type":"WebPage","@id":"https:\/\/proteccionshoppingonline.com.br\/loja\/loja\/valvula-tripartida\/valvula-esfera-tripartida-flangeada-cl150\/","url":"https:\/\/proteccionshoppingonline.com.br\/loja\/loja\/valvula-tripartida\/valvula-esfera-tripartida-flangeada-cl150\/","name":"V\u00e1lvula Esfera Tripartida Flangeada CL150 - Protecci\u00f3n","isPartOf":{"@id":"https:\/\/proteccionshoppingonline.com.br\/loja\/#website"},"datePublished":"2020-05-12T10:25:45+00:00","dateModified":"2021-04-30T11:33:08+00:00","description":"V\u00e1lvula Esfera Tripartida Flangeada CL150, para bloqueio de fluxo. Para aplica\u00e7\u00f5es qu\u00edmicas, petroqu\u00edmicas, petrol\u00edferas e industriais","breadcrumb":{"@id":"https:\/\/proteccionshoppingonline.com.br\/loja\/loja\/valvula-tripartida\/valvula-esfera-tripartida-flangeada-cl150\/#breadcrumb"},"inLanguage":"pt-BR","potentialAction":[{"@type":"ReadAction","target":["https:\/\/proteccionshoppingonline.com.br\/loja\/loja\/valvula-tripartida\/valvula-esfera-tripartida-flangeada-cl150\/"]}]},{"@type":"BreadcrumbList","@id":"https:\/\/proteccionshoppingonline.com.br\/loja\/loja\/valvula-tripartida\/valvula-esfera-tripartida-flangeada-cl150\/#breadcrumb","itemListElement":[{"@type":"ListItem","position":1,"name":"Home","item":"https:\/\/proteccionshoppingonline.com.br\/loja\/"},{"@type":"ListItem","position":2,"name":"Produtos","item":"https:\/\/proteccionshoppingonline.com.br\/loja\/cart-2\/"},{"@type":"ListItem","position":3,"name":"V\u00e1lvula Esfera Tripartida Flangeada CL150"}]},{"@type":"WebSite","@id":"https:\/\/proteccionshoppingonline.com.br\/loja\/#website","url":"https:\/\/proteccionshoppingonline.com.br\/loja\/","name":"Protecci\u00f3n Shopping On Line | Seguran\u00e7a contra Inc\u00eandios","description":"Seguran\u00e7a contra Inc\u00eandios","publisher":{"@id":"https:\/\/proteccionshoppingonline.com.br\/loja\/#organization"},"potentialAction":[{"@type":"SearchAction","target":{"@type":"EntryPoint","urlTemplate":"https:\/\/proteccionshoppingonline.com.br\/loja\/?s={search_term_string}"},"query-input":{"@type":"PropertyValueSpecification","valueRequired":true,"valueName":"search_term_string"}}],"inLanguage":"pt-BR"},{"@type":"Organization","@id":"https:\/\/proteccionshoppingonline.com.br\/loja\/#organization","name":"Protecci\u00f3n Shopping On Line","url":"https:\/\/proteccionshoppingonline.com.br\/loja\/","logo":{"@type":"ImageObject","inLanguage":"pt-BR","@id":"https:\/\/proteccionshoppingonline.com.br\/loja\/#\/schema\/logo\/image\/","url":"https:\/\/proteccionshoppingonline.com.br\/loja\/wp-content\/uploads\/2024\/01\/Proteccion-Shopping-On-Line-Logo-Nova.png","contentUrl":"https:\/\/proteccionshoppingonline.com.br\/loja\/wp-content\/uploads\/2024\/01\/Proteccion-Shopping-On-Line-Logo-Nova.png","width":2000,"height":600,"caption":"Protecci\u00f3n Shopping On Line"},"image":{"@id":"https:\/\/proteccionshoppingonline.com.br\/loja\/#\/schema\/logo\/image\/"}}]}},"_links":{"self":[{"href":"https:\/\/proteccionshoppingonline.com.br\/loja\/wp-json\/wp\/v2\/product\/10000","targetHints":{"allow":["GET"]}}],"collection":[{"href":"https:\/\/proteccionshoppingonline.com.br\/loja\/wp-json\/wp\/v2\/product"}],"about":[{"href":"https:\/\/proteccionshoppingonline.com.br\/loja\/wp-json\/wp\/v2\/types\/product"}],"version-history":[{"count":0,"href":"https:\/\/proteccionshoppingonline.com.br\/loja\/wp-json\/wp\/v2\/product\/10000\/revisions"}],"wp:attachment":[{"href":"https:\/\/proteccionshoppingonline.com.br\/loja\/wp-json\/wp\/v2\/media?parent=10000"}],"wp:term":[{"taxonomy":"product_brand","embeddable":true,"href":"https:\/\/proteccionshoppingonline.com.br\/loja\/wp-json\/wp\/v2\/product_brand?post=10000"},{"taxonomy":"product_cat","embeddable":true,"href":"https:\/\/proteccionshoppingonline.com.br\/loja\/wp-json\/wp\/v2\/product_cat?post=10000"},{"taxonomy":"product_tag","embeddable":true,"href":"https:\/\/proteccionshoppingonline.com.br\/loja\/wp-json\/wp\/v2\/product_tag?post=10000"}],"curies":[{"name":"wp","href":"https:\/\/api.w.org\/{rel}","templated":true}]}}